 m**2 - 2*m + 425. Let v be z(0). Let q = v + -297. Calculate the highest common factor of 16 and q.
16
Suppose -a + 38 = a - 4*g, -39 = -a - 3*g. Let y be (-2)/9 - (-2085)/a. Calculate the greatest common divisor of y and 7.
7
Let z(s) = s**2 - 9*s + 12. Let c be z(8). Suppose -c*m + 24 = 2*b - 4, 7 = m - 5*b. Suppose -t + m = 3. Calculate the greatest common factor of t and 8.
4
Let v(q) = -15*q - 7. Let d be v(-2). Calculate the greatest common divisor of 161 and d.
23
Let k = 4 + -5. Let z(s) = -s**3 - 3*s**2 - s. Let w be z(k). Let m(c) = -9*c. Let t be m(w). Calculate the greatest common factor of 1 and t.
1
Suppose 0 = -0*y - 2*y + 202. Let k = 150 - y. Let i = 25 + -18. What is the highest common divisor of i and k?
7
Let c = 29 + 1. Suppose -10 = 4*u - c. What is the greatest common factor of u and 25?
5
Let j = 10 - 6. Suppose -a = -j - 0. Suppose 260 = a*b + 3*s - 7*s, -4*s = 5*b - 307. What is the greatest common factor of 7 and b?
7
Let h = 32 - 22. Suppose -4*l + 27 = 3*b, 3*b - 18 = l - 2*l. Suppose -2*c = 4*t - 6*c - 144, -188 = -b*t + 3*c. What is the greatest common divisor of h and t?
10
Let q be 2/(-8) - (-105)/4. What is the highest common factor of q and 65?
13
Suppose 0 = -2*p - 10 + 82. Let a = 66 - p. Suppose n + 4*n - 50 = 0. What is the greatest common divisor of n and a?
10
Suppose a + 4*a - 177 = 3*p, -5*a = -5*p - 175. What is the greatest common divisor of a and 24?
12
Suppose 3*y = -2*m + 76 + 2, 0 = -y - 5*m + 13. Let h = -18 - -7. Let d = y + h. What is the greatest common divisor of d and 34?
17
Suppose 5*s + 21 = -34. Let o(j) = 2*j - 6. Let g be o(-9). Let t = s - g. What is the greatest common factor of 13 and t?
13
Let d(z) = 2*z - 6*z - z**3 - z**2 + 1 + 5*z. Let f be d(-5). What is the highest common factor of 12 and f?
12
Let p be 4317/15 - 1/(-5). Let c = -136 + p. Suppose r + 19 = 2*r. What is the greatest common divisor of c and r?
19
Let j = 35 + 28. Suppose -5*q + 5*n + 10 = 0, -5*n = -5*q - 2*n + 8. Let s be ((-28)/(-8))/(q/2). Calculate the greatest common factor of s and j.
7
Let w(m) = -2*m**3 - m**2 - m - 1. Let f be w(-2). Let q = 862 - 745. Calculate the greatest common factor of f and q.
13
Let j(c) = c - 3. Let r be j(7). Calculate the highest common factor of r and 6.
2
Let l be 10/(-4)*(-8)/5. Let p be 33/l - (-1)/(-4). What is the highest common factor of p and 64?
8
Let b(a) = -8*a - 2. Let i be b(-2). What is the highest common factor of i and 2?
2
Let d(n) = -9*n - 7. Let m be d(-9). Let s = m - 50. Suppose 3*q - t - s = -5*t, 12 = 4*t. What is the greatest common factor of q and 10?
2
Let y(w) = -w**3 - 6*w**2 - 4*w + 8. Let k be y(-4). Let z = 22 + k. What is the highest common factor of 28 and z?
14
Suppose 2*k = -275 + 57. Let f = 163 + k. What is the highest common factor of f and 27?
27
Suppose -4*i + 68 = j + 3*j, 3*j - 53 = -5*i. Let n(b) = 25*b - 2. Let p be n(2). What is the highest common divisor of p and j?
16
Suppose -2*l + 4*l = 2. Let v(o) = 4*o**3 - o. Let p be v(l). Suppose -5*k = -5*b - 835, k - b + p*b = 179. What is the greatest common factor of 19 and k?
19
Let g = 18 - -2. Calculate the greatest common divisor of g and 60.
20
Let n(u) = -u**2 - 6*u - 6. Let t be n(-4). Calculate the greatest common factor of t and 10.
2
Let c(k) = -k**3 + 15*k**2 - 14*k + 18. Let w be c(14). Calculate the greatest common factor of 2 and w.
2
Let l = 118 + -40. What is the highest common factor of 26 and l?
26
Suppose 4*v + v - 20 = 0. Suppose -v*s + 162 = -94. Suppose s = 5*g - 3*g. Calculate the highest common factor of g and 4.
4
Suppose 0 = 5*x - 249 - 311. Calculate the greatest common divisor of x and 14.
14
Let z(c) = 10*c**2 + c + 2. Let r(y) = 3*y + 1. Let j be r(-1). Let l be z(j). What is the highest common divisor of l and 5?
5
Let w = 4 + 26. What is the highest common factor of w and 10?
10
Let v = 82 + -32. What is the greatest common factor of v and 25?
25
Let z be 1*(1 - -29 - -2). Suppose -3*f = 5*i + 2*f - 25, 4*f + 29 = 3*i. Suppose i = b - 1. What is the highest common factor of b and z?
8
Suppose 6*t - 280 = 2*t. Calculate the greatest common divisor of t and 10.
10
Let v(d) = d**3 + d**2 - 14. Let s be v(0). Let q = 13 - s. What is the greatest common factor of 18 and q?
9
Suppose -4*h = 6 - 14. Suppose h*q = -3*q + 40. What is the greatest common divisor of 56 and q?
8
Let w = 7 + -10. Let g(y) = y + 9. Let r(u) = -u - 10. Let t(j) = 6*g(j) + 5*r(j). Let f be t(w). What is the greatest common factor of 4 and f?
1
Let q be (-27)/(-6)*2*1. Let v be (1 + -28)/(8/(-24)). Calculate the highest common divisor of q and v.
9
Let f = 29 + -20. Let x be 6/f - 1884/(-9). Calculate the greatest common factor of 21 and x.
21
Let n = 96 + -79. Calculate the highest common divisor of 34 and n.
17
Let f(t) = t**2 - 4*t - 3. Let g be f(7). Suppose -g = k - 4*k. Suppose 2*s - s = k. What is the highest common divisor of s and 6?
6
Let y be (-6)/(-3) + -6 - 228/(-2). Calculate the greatest common factor of 22 and y.
22
Let o be 2/(-10) + (-84)/(-20). Suppose -v + 5 = -3*y + 1, 0 = -3*v + 5*y + 8. What is the highest common divisor of o and v?
1
Suppose 2*w = -4*x + 218, -5*x - w - w + 275 = 0. What is the highest common divisor of x and 114?
57
Let f = -63 + 112. What is the greatest common divisor of f and 7?
7
Let m be 82 + 6/(-4)*-2. What is the greatest common divisor of 34 and m?
17
Let k(r) = -58*r + 13. Let x be k(-3). What is the highest common divisor of 11 and x?
11
Let s = -62 + 358. Calculate the highest common factor of s and 37.
37
Suppose -4*j + j + 5*z + 10 = 0, 10 = -2*z. Let a be (-7)/4 + j/20. Let h = 22 - a. Calculate the greatest common divisor of h and 8.
8
Let b = 5 - 3. Suppose -b*r = -56 + 8. Let v(y) = y**3 - 11*y**2 + 10*y + 6. Let z be v(10). Calculate the highest common divisor of r and z.
6
Let r(u) = -u**3 - 3*u**2 - 2*u + 2. Let z be r(-2). Let c be z*(60/8 - 1). Calculate the greatest common factor of c and 91.
13
Let d(k) be the second derivative of 13*k**5/20 + k**4/4 - k**3/2 + k**2/2 + k. Let t be d(2). Let x = 167 - t. Calculate the highest common factor of x and 14.
14
Suppose -3*m - 5*o + 14 = 3, 0 = -3*m - o + 7. Suppose m*f - 35 = -3*f. Calculate the greatest common factor of 7 and f.
7
Let c = 57 - -18. Calculate the highest common divisor of c and 15.
15
Suppose -4*b + 7 + 19 = 3*j, j = 3*b - 26. Calculate the highest common divisor of 24 and b.
8
Let c = 4 - 3. Let t = -6 - -10. What is the highest common factor of c and t?
1
Suppose -308 = -14*l + 84. Calculate the greatest common factor of l and 112.
28
Suppose -8*g - 4*d = -4*g - 40, -66 = -5*g - d. Calculate the highest common divisor of g and 21.
7
Let k = 8 - 5. Let b(n) = -5*n - 31. Let z be b(-8). What is the greatest common divisor of z and k?
3
Suppose -28 = s - 3*s. Suppose -3*j + 295 = -a, -j - a - 3*a = -94. What is the greatest common divisor of j and s?
14
Suppose 108 = 4*x + 4*d - 2*d, 0 = -4*x - 4*d + 112. Suppose 0*s = 5*s - 5. Suppose -t - s = -14. What is the highest common divisor of x and t?
13
Suppose -3*y = -5*i - 10, 3*i + i - 3*y + 11 = 0. Suppose 0 = p - i - 79. What is the greatest common divisor of 20 and p?
20
Let q = -195 - -61. Let t(y) = 224*y**2 - y. Let h be t(-1). Let d = q + h. Calculate the highest common divisor of 13 and d.
13
Let p = -490 + 853. Calculate the greatest common factor of 33 and p.
33
Suppose 0*r - r + 117 = 0. Let l(x) = 0 + 1 - x**2 + 0*x**2 + 13*x**3. Let s be l(1). Calculate the highest common divisor of r and s.
13
Let x(y) = y**3 + 9*y**2 - 2*y - 7. Let p be x(-9). Calculate the highest common divisor of p and 88.
11
Suppose -3*u + 6 + 78 = 0. What is the greatest common divisor of u and 7?
7
Let y = 3 + -3. Suppose -7 = -3*q - j + 9, q - j = y. What is the highest common divisor of q and 20?
4
Let o = -4 + 4. Suppose o = -0*a - 3*a + 18. What is the highest common factor of 15 and a?
3
Let x = -66 - -76. What is the highest common factor of x and 25?
5
Let w be 6/(2*1/8). Calculate the greatest common divisor of 120 and w.
24
Suppose 5*q - 61 - 29 = 0. What is the highest common factor of 126 and q?
18
Let h = -5 - -5. Suppose 2*c - c - 4 = h. What is the highest common divisor of c and 36?
4
Let w be 18 - (0 + 0 -